se 15?
-3
What is e (base 16) in base 4?
32
0 (base 15) to base 8
0
Convert -40 (base 11) to base 8.
-54
Convert -12 (base 3) to base 11.
-5
Convert -2 (base 6) to base 9.
-2
What is -2210 (base 3) in base 16?
-4b
Convert -110 (base 8) to base 5.
-242
Convert -4 (base 11) to base 16.
-4
Convert 137 (base 11) to base 6.
425
Convert 6 (base 13) to base 8.
6
What is -1 (base 3) in base 4?
-1
What is -404 (base 5) in base 10?
-104
What is -10 (base 2) in base 11?
-2
Convert 2 (base 5) to base 13.
2
Convert 4 (base 12) to base 8.
4
What is 301 (base 4) in base 5?
144
What is -232 (base 6) in base 5?
-332
What is -22 (base 4) in base 2?
-1010
Convert 7 (base 13) to base 10.
7
-61 (base 16) to base 3
-10121
-225 (base 8) to base 13
-b6
-103 (base 5) to base 16
-1c
-10 (base 6) to base 13
-6
Convert 20 (base 7) to base 9.
15
Convert -3 (base 7) to base 12.
-3
7 (base 14) to base 16
7
What is 19 (base 10) in base 14?
15
a (base 13) to base 14
a
What is -195 (base 13) in base 9?
-353
What is 2 (base 14) in base 9?
2
What is -1110 (base 2) in base 6?
-22
-224 (base 7) to base 16
-74
-d (base 16) to base 11
-12
What is -5 (base 15) in base 10?
-5
What is 3 (base 10) in base 5?
3
Convert 10 (base 5) to base 3.
12
-25 (base 15) to base 14
-27
What is 3 (base 11) in base 2?
11
Convert -11 (base 14) to base 10.
-15
What is 70 (base 11) in base 9?
85
Convert -2 (base 3) to base 14.
-2
16 (base 16) to base 12
1a
10100011 (base 2) to base 8
243
What is 1a8 (base 11) in base 5?
1424
What is 35 (base 8) in base 12?
25
What is -1 (base 3) in base 12?
-1
Convert 22 (base 3) to base 8.
10
Convert 10 (base 14) to base 2.
1110
32 (base 5) to base 12
15
-7c (base 16) to base 15
-84
-20 (base 11) to base 12
-1a
What is 1 (base 8) in base 15?
1
What is -1100 (base 2) in base 4?
-30
Convert 5 (base 10) to base 9.
5
Convert -4 (base 6) to base 2.
-100
What is -4 (base 16) in base 10?
-4
What is 1a (base 14) in base 5?
44
Convert 1 (base 2) to base 14.
1
Convert 0 (base 11) to base 15.
0
What is -124 (base 6) in base 10?
-52
What is -2011 (base 4) in base 14?
-97
-36 (base 13) to base 7
-63
-4 (base 15) to base 11
-4
What is 99 (base 15) in base 10?
144
Convert -1 (base 4) to base 16.
-1
Convert 3 (base 16) to base 6.
3
-112 (base 5) to base 15
-22
-29 (base 10) to base 2
-11101
-c (base 14) to base 15
-c
What is -203 (base 10) in base 13?
-128
Convert -cc (base 14) to base 7.
-345
21 (base 9) to base 8
23
What is 223 (base 9) in base 2?
10110111
12 (base 10) to base 12
10
-131 (base 16) to base 11
-258
What is a1 (base 13) in base 4?
2003
What is 131 (base 7) in base 10?
71
Convert 22 (base 4) to base 11.
a
Convert 11 (base 7) to base 10.
8
-2 (base 7) to base 9
-2
What is 1000000 (base 2) in base 6?
144
What is a (base 14) in base 4?
22
What is -3 (base 16) in base 7?
-3
Convert 60 (base 12) to base 8.
110
What is -1 (base 11) in base 6?
-1
What is 21 (base 14) in base 11?
27
What is 0 (base 6) in base 10?
0
What is -13 (base 15) in base 14?
-14
Convert 20 (base 13) to base 7.
35
Convert 23 (base 5) to base 3.
111
Convert 0 (base 10) to base 12.
0
Convert -2 (base 11) to base 5.
-2
Convert -3 (base 7) to base 6.
-3
-28 (base 13) to base 6
-54
Convert -86 (base 11) to base 12.
-7a
What is -444 (base 7) in base 6?
-1020
What is -5 (base 12) in base 4?
-11
Convert 10 (base 9) to base 3.
100
What is -81 (base 9) in base 8?
-111
What is -354 (base 7) in base 2?
-10111010
Convert -a (base 14) to base 6.
-14
10 (base 8) to base 7
11
What is -11 (base 8) in base 13?
-9
Convert 0 (base 7) to base 14.
0
What is -1 (base 3) in base 4?
-1
What is 14b (base 12) in base 14?
107
What is 33 (base 8) in base 13?
21
What is 0 (base 8) in base 9?
0
What is 0 (base 11) in base 10?
0
What is 12b (base 13) in base 4?
3032
-9 (base 14) to base 12
-9
-6 (base 7) to base 11
-6
105 (base 12) to base 3
12112
11100 (base 3) to base 8
165
Convert -10 (base 6) to base 4.
-12
What is 4 (base 5) in base 6?
4
-59 (base 12) to base 7
-126
What is -4 (base 13) in base 7?
-4
What is ed (base 15) in base 13?
142
What is -167 (base 11) in base 4?
-3002
Convert 1 (base 8) to base 3.
1
3 (base 11) to base 2
11
Convert 10 (base 14) to base 13.
11
Convert -113 (base 7) to base 3.
-2012
What is -3 (base 10) in base 6?
-3
-7 (base 15) to base 5
-12
What is 4 (base 9) in base 16?
4
130 (base 6) to base 15
39
20 (base 12) to base 9
26
What is 153 (base 7) in base 14?
63
Convert 40 (base 14) to base 12.
48
What is -37 (base 8) in base 9?
-34
-1102 (base 3) to base 11
-35
5 (base 9) to base 11
5
-34 (base 11) to base 16
-25
97 (base 11) to base 15
71
What is -83 (base 10) in base 16?
-53
What is 5 (base 15) in base 16?
5
What is 1 (base 9) in base 4?
1
What is -5 (base 11) in base 8?
-5
What is -4 (base 11) in base 7?
-4
Convert -2 (base 13) to base 5.
-2
What is -cd (base 14) in base 5?
-1211
220 (base 3) to base 5
44
What is 171 (base 9) in base 6?
401
-9 (base 12) to base 10
-9
13 (base 15) to base 2
10010
Convert -15 (base 12) to base 8.
-21
-2 (base 10) to base 16
-2
What is -15a (base 12) in base 4?
-3112
What is 3f (base 16) in base 12?
53
-2 (base 9) to base 10
-2
Convert -2 (base 4) to base 10.
-2
What is 2f (base 16) in base 7?
65
What is -4 (base 10) in base 15?
-4
What is 33 (base 9) in base 13?
24
What is 44 (base 8) in base 2?
100100
c (base 16) to base 13
c
Convert 0 (base 16) to base 9.
0
-1c (base 13) to base 9
-27
9 (base 13) to base 14
9
What is -30 (base 10) in base 7?
-42
Convert a (base 12) to base 14.
a
-11111 (base 2) to base 12
-27
Convert 20 (base 15) to base 10.
30
What is -340 (base 5) in base 14?
-6b
Convert 4 (base 6) to base 2.
100
Convert -2 (base 6) to base 12.
-2
Convert 120 (base 3) to base 15.
10
Convert -2 (base 9) to base 3.
-2
-1 (base 3) to base 8
-1
What is -1 (base 8) in base 10?
-1
Convert 10010 (base 2) to base 7.
24
Convert a (base 16) to base 3.
101
Convert -1 (base 9) to base 10.
-1
18 (base 16) to base 12
20
-68 (base 12) to base 6
-212
Convert -7 (base 16) to base 5.
-12
What is -1 (base 5) in base 9?
-1
1100011 (base 2) to base 16
63
Convert 0 (base 8) to base 6.
0
Convert -1 (base 6) to base 3.
-1
Convert 2 (base 4) to base 14.
2
What is -43 (base 5) in base 15?
-18
a (base 11) to base 4
22
What is -229 (base 10) in base 4?
-3211
What is -4e (base 15) in base 12?
-62
Convert 4 (base 9) to base 15.
4
What is -8 (base 15) in base 5?
-13
-21 (base 9) to base 14
-15
Convert -c (base 16) to base 4.
-30
What is 54 (base 9) in base 6?
121
What is -5b (base 13) in base 5?
-301
Convert -16 (base 10) to base 14.
-12
Convert -102 (base 13) to base 3.
-20100
What is -11 (base 13) in base 5?
-24
What is 2214 (base 5) in base 13?
1aa
3 (base 12) to base 6
3
-e (base 15) to base 8
-16
-35 (base 10) to base 6
-55
-44 (base 12) to base 15
-37
What is 10001 (base 2) in base 16?
11
Convert 3 (base 5) to base 3.
10
-3 (base 15) to base 2
-11
What is -1 (base 4) in base 10?
-1
-1 (base 5) to base 9
-1
-2 (base 6) to base 15
-2
Convert 25 (base 14) to base 13.
27
What is -4 (base 9) in base 8?
-4
What is 411 (base 7) in base 9?
246
What is 2 (base 16) in base 2?
10
a5 (base 13) to base 10
135
Convert 5 (base 15) to base 8.
5
29 (base 10) to base 12
25
2 (base 8) to base 5
2
What is 13 (base 6) in base 4?
21
-2 (base 15) to base 2
-10
Convert -2131 (base 4) to base 16.
-9d
What is f (base 16) in base 11?
14
Convert 6 (base 11) to base 12.
6
85 (base 10) to base 8
125
Convert 117 (base 11) to base 13.
a9
-120 (base 4) to base 15
-19
What is 2 (base 7) in base 3?
2
Convert -4 (base 6) to base 10.
-4
What is 21 (base 12) in base 2?
11001
-6 (base 16) to base 2
-110
What is 21a (base 11) in base 15?
128
What is -2 (base 10) in base 11?
-2
-111 (base 2) to base 8
-7
Convert 20 (base 3) to base 12.
6
What is 566 (base 7) in base 16?
125
-1 (base 11) to base 8
-1
Convert -2 (base 6) to base 11.
-2
What is -166 (base 12) in base 5?
-1342
28 (base 11) to base 7
42
Convert 15 (base 7) to base 16.
c
Convert 1 (base 6) to base 9.
1
152 (base 6) to base 5
233
Convert -73 (base 9) to base 12.
-56
What is -51 (base 6) in base 10?
-31
Convert -23 (base 5) to base 7.
-16
Convert 32 (base 6) to base 14.
16
Convert 70 (base 13) to base 8.
133
Convert -1010001 (base 2) to base 14.
-5b
-13 (base 5) to base 2